288)/(-84)). Let p(c) be the second derivative of 0 + 13/2*c**2 - 20*c + m*c**3. Determine p(0).
13
Suppose 4*a + 109 - 13 = 4*v, 2*a = -3*v - 58. Let x = -24 - a. Let q(r) = 5 - 100*r + 106*r + 4*r**x - 5*r**2 - 3. Give q(5).
7
Let o(s) = 17*s**2 - 14*s - 37. Let y(d) = -9*d**2 - 1. Let t(r) = o(r) + 2*y(r). Calculate t(-8).
9
Suppose 5*s = 4*c - 8*c + 20, -c = -s - 5. Let h(u) = -6*u + 42*u - u**2 + 7 - 36*u. Calculate h(s).
7
Let y(x) = x**3 + 14*x**2 + 22*x - 26. Let v = 1368 + -1380. Give y(v).
-2
Let r(k) = k**2 + 11*k + 24 - 18 - 4*k. Let p be r(-6). Let c(f) be the first derivative of -f**3/3 - f**2/2 + 6*f - 619. What is c(p)?
6
Let q(s) = -2*s**3 + 6*s**2 + 22*s - 62. Let w be q(3). Let d(o) = 2*o**2 + 5*o - 36. What is d(w)?
16
Let h(g) = -92263 + 7*g + 0*g + 2*g**3 - 11*g**2 + 92258. Give h(5).
5
Let l(h) = -2*h**3 - 2*h**2 + 4*h + 3. Let v(f) = f**3 - 5*f**2 - 2*f + 14. Let i be v(2). Calculate l(i).
3
Suppose 32 = 2*m + 6*m. Suppose -3*v + 15 = -y, -15 = -m*y - 2*v - v. Let d(h) = h**2 + 10. What is d(y)?
10
Let w be 8 - 2/(170/(-90) + 2). Let r(i) = i**2 + 9*i - 8. Determine r(w).
2
Let d(p) = 2*p + 9. Suppose 0 = -141*n + 258*n. Calculate d(n).
9
Let r(c) = -c**2 + 4*c - 3. Suppose 469*q + 12 = 473*q. Determine r(q).
0
Let w(q) = 10*q + 2. Let s(c) = -8*c + 16. Let t(p) = s(p) + w(p). Give t(9).
36
Let p = -18501 - -18488. Let c(t) = -16*t - 213. Calculate c(p).
-5
Let g be ((-6)/4 + 6/(-2))*-4. Suppose 6*m - 9*m = -g. Suppose -25*a = -22*a - m. Let r(j) = -j**3 + j**2 + 2*j - 1. Calculate r(a).
-1
Let k(q) = q**3 - 5*q**2 - 13. Let v = 2343 + -2337. Give k(v).
23
Let i(v) = v**3 + 6*v**2 + 3*v - 3. Let s be (-9 + 14 + -7)/(6/15). Calculate i(s).
7
Let g(p) = p - 13. Let r = 110 - 107. Suppose 7 = 4*v + 5*x, v - r*x = 35 - 12. Calculate g(v).
-5
Let k(n) = 18 - 11 - 11 - 1863*n**2 + 5*n - n**3 + 1870*n**2. Calculate k(9).
-121
Let p(h) be the third derivative of h**6/120 + h**4/24 - 19*h**2. Let m(n) = 3*n**3 - n**2 - n + 1. Let l be m(1). Suppose -l = 5*w + 3. Calculate p(w).
-2
Let c be (4 - (-395)/(-55) - -3)*-22. Let v(r) = r**2 - 5*r + 4. Give v(c).
0
Let b(g) be the first derivative of 10*g + 9/2*g**2 + 1/3*g**3 + 139. Calculate b(-8).
2
Let v be (-1 - -1) + 0 + -2. Let h(l) = -4*l**2 - 9*l + 3. Let q(o) = 7*o**2 + 15*o - 6. Let u(c) = -5*h(c) - 3*q(c). Determine u(v).
-1
Let i(z) = 11*z**2 - 81*z + 6. Let k be 1/((4/7)/4). What is i(k)?
-22
Let c(d) = 2*d**2 + 7*d - 7. Let m(u) = u**2 + 7*u - 6. Let r(x) = 2*c(x) - 3*m(x). Let j be (-59)/(5*1/10). Let p = j + 123. Calculate r(p).
-6
Let h be (-33)/990*25*(1 + -7). Let p(a) = a**2 + 2*a + 7. Give p(h).
42
Suppose -295*v + 71 - 1247 = -253*v. Let s(o) = -o**3 - 28*o**2 + 3*o + 53. Calculate s(v).
-31
Let n(z) be the third derivative of 2/15*z**5 - 17*z**2 + 1/4*z**4 + 1/3*z**3 - 1 + 0*z + 1/120*z**6. Determine n(-7).
9
Let d(b) = -b**2 + b - 3. Let t be d(3). Let r(p) = 63*p**2 + 4*p + 5*p - 125 - 62*p**2 + 129. Calculate r(t).
4
Suppose 3*f = 2*q + f, -5*q + 5 = -4*f. Let o(u) = -u**2 - 35*u + 10. Let l be o(0). Suppose j = 4*a + 14, a + 4*a = q*j - l. Let c(m) = -m + 1. What is c(j)?
3
Let w(f) = f**2 + 20*f + 69. Let j = 66 - 82. Let r be w(j). Let a(x) = 2*x - 1. Give a(r).
9
Let g(w) = -w**3 + 14*w**2 - 2*w + 42. Let k be g(14). Let v(x) = x**3 - 14*x**2 + 3*x - 4. What is v(k)?
38
Let u(o) = -6*o + 0*o + 13*o + 9 - 43 - 10*o. Give u(-16).
14
Let o(r) = -3*r - 2. Let h(w) = -17*w + 10. Let v be h(1). Let z(d) = d**2 + 5*d - 18. Let s be z(v). What is o(s)?
10
Let v(j) = -19*j**2 - 13*j - 19. Let u(d) = -26*d**2 - 17*d - 26. Let z(n) = -8*u(n) + 11*v(n). Calculate z(-4).
11
Let z(k) be the second derivative of k**3/6 - k**2 - 4355*k. Suppose r + 2*r - 4*u = 0, r + u = 7. Determine z(r).
2
Let g(j) = j**2 - 2*j + 1. Let u(p) = -p - 1. Let n(v) = -g(v) + 2*u(v). Suppose k + 3*m = -12, 2*m + 9 - 1 = -2*k. What is n(k)?
-3
Let j(z) be the third derivative of 5*z**4/24 - 7*z**3/2 + 2*z**2 + 4*z. Determine j(4).
-1
Let i(s) be the third derivative of s**6/120 + 8*s**5/15 - s**4/24 - 7*s**3 + 2236*s**2. Determine i(-32).
-10
Suppose 4*o - 1 - 11 = 0, 5*o + 15 = 3*g. Let x(a) = -883*a + g + 446*a + 438*a. Determine x(-12).
-2
Let l be (-46)/(-12) + 25/(-30). Let i(c) = -l*c + 3 + 5*c + 2. What is i(0)?
5
Suppose 85*g - 1088 + 68 = 0. Let s(i) = i**2 - 13*i + 20. Determine s(g).
8
Let p be 418/(-57)*141/(-2). Let f = p + -514. Let r(u) = 0*u**2 + u**2 + 3 - 5*u - u. What is r(f)?
-6
Let y(m) = -870 + 334 + 311 - 6*m + 401. Determine y(30).
-4
Let o(k) = -k**3 + 12*k**2 + 11*k + 28. Let i be (-22 + (14 - 5))/(-1). What is o(i)?
2
Suppose -25*f = -19*f. Let u(d) = -d**2 - 1. Let m(a) = 3*a**2 + a. Let x(z) = m(z) + 4*u(z). Calculate x(f).
-4
Let f(i) = -i**3 + 2*i**2 - 3*i + 78. Let d be f(0). Let z(v) = 67 - 154 - 3*v + d. Give z(-6).
9
Let d(q) = -7*q**2 + q + 1. Suppose -5*m + 12 = -3*v, 3*v = -0*v + 2*m - 3. Let f be 6 - (-4 + 3 + v). Let w be f/(-8) + 21/(-84). What is d(w)?
-7
Let k(r) = -3*r - 1. Let m(v) = v**3 + 5*v**2 + 6*v + 16. Let i be m(-6). Let z be (-28)/(-70) - i/10. Let q be (-7)/((-21)/18) + z + -10. Give k(q).
-7
Let i(x) = -8 + 1 - 8 + 1 - 41*x - 5052*x**2 + 5059*x**2. Determine i(6).
-8
Let c(a) = -2*a + 97. Let k = -7684 - -7731. What is c(k)?
3
Let h be (-7 - (-1 - 1))/(-1). Let o(m) = -1721 - 4*m - 1737 + 5196 - 1726. What is o(h)?
-8
Let p(d) be the first derivative of -d**3/3 - d**2 - d - 1. Let w be -9 + (6 - 0) - (0 + 0). Let n be (3 - 1) + (w - (3 - 2)). Give p(n).
-1
Let r(b) be the third derivative of 3*b**4/8 + 6*b**2. Suppose 20 = 73*k - 63*k. Determine r(k).
18
Let j = 59 + -57. Suppose 0 = j*z - 133 + 123. Let b(m) = -m**3 + 4*m**2 + 5*m + 2. Calculate b(z).
2
Let z(h) be the second derivative of h**4/6 - 29*h**3/6 - 57*h**2/2 + 19*h - 48. Calculate z(-2).
9
Suppose -1160 = 1012*f - 1157*f. Let p(w) = -3*w**3 + 23*w**2 + 6*w + 19. What is p(f)?
3
Suppose 3*r - k = -30, -2*r - 2*r - 3*k - 27 = 0. Let j be r*40/(-504)*(-7)/(-1). Let o(n) = -9*n + 4. Calculate o(j).
-41
Let w(u) = u**3 - u**2 - 2*u - 1. Let f(a) be the second derivative of -2*a**3 + 59*a**2/2 - a - 10. Let b be f(5). What is w(b)?
-1
Suppose 0 = -74*g + 16*g + 348. Let n(a) = a**2 - 10*a + 14. Give n(g).
-10
Let r = -4786 + 4792. Let c(u) = u**3 - 6*u**2 + 5*u - 26. Determine c(r).
4
Let h be 3 + -4 + (4 - 1). Suppose 3*v + g + 3*g - 10 = 0, h*v + 4*g = 8. Let n(j) = -16*j**v + 6 + 2*j**2 + 2*j**3 - j**3 + 6*j + 7*j**2. Calculate n(6).
6
Let c(s) = -7*s - 5. Let k(y) = -73*y - 98. Let x(j) = 11*c(j) - k(j). Calculate x(8).
11
Let v(s) = -s**3 - s**2 - s - 17. Let w(h) = h - 5. Suppose a - x = 7, -25 = -a - 2*a + x. Let p be w(a). Suppose -p*c = -43 + 43. Calculate v(c).
-17
Let o(w) = 2*w**3 - 2*w + 4. Suppose -53*d = 85*d - 32*d + 212. What is o(d)?
-8
Let t be (-33)/(-11)*8/6. Let u(w) = -w**3 - 5*w**2 + 8*w + 19. Let z be u(-6). Let l(g) = 3*g + g + g - z*g. What is l(t)?
-8
Let j(o) = 5*o - 2. Let k(q) = 1 - 6*q + 4*q - 8 + 19*q. Let r(h) = 7*j(h) - 2*k(h). Give r(-3).
-3
Let h(z) = -16*z - 101. Suppose 3*u = -3*y, -26*u + 21*u = -3*y - 56. Give h(y).
11
Let s(t) = t**3 + 12*t**2 + 37*t - 5. Suppose 5*v + 55 = 1416*p - 1421*p, 0 = -2*v - 3*p - 27. Give s(v).
-11
Let b = 7 - 4. Suppose -b*h - 2*k = -29, 6*h = h + 4*k + 19. Let g(v) be the third derivative of -v**5/60 + v**4/3 + v**3 + 131*v**2 + 4. Determine g(h).
13
Let q be 9/5 - 4/(-20). Let u(f) = 5*f**q + 133*f + 2 - 66*f - 70*f. Determine u(2).
16
Let a be (6 - 2) + (-6 - -2). Suppose -y + 0*y + 5*d = -27, 5*d + 25 = a. Let v(k) = -84*k - y + 1 + 90*k. Give v(-3).
-19
Let b(w) = 9*w**2 + 18*w + 7. Let t = -599 - -606. Let z(f) = 5*f**2 + 9*f + 3. Let j(s) = t*z(s) - 4*b(s). Calculate j(-9).
-7
Suppose -8*i + 286 = -21*i. Let c be (-11)/i - (-10)/4. Let t(j) = -j**2 + 2*j - 4. What is t(c)?
-7
Let r(x) be the second derivative of x**4/12 + 5*x**3/6 - 7*x**2/2 + x. Suppose -296*h = 1569 - 89. Calculate r(h).
-7
Let x(t) = 9*t**2 + 6*t - 3685 - t + 3687 - 8*t**2. Suppose -2*n - 2*n - 24 = 0. Determine x(n).
8
Let c(l) = 7*l - 3. Suppose -4*h - 3*d = -147, 6*h - 5*h - 36 = -d. Let p be ((-9)/3)/(h/(-26)). What is c(p)?
11
Let q(u) = 460*u + 14 - 302*u - 160*u. What is q(6)?
2
Let s(b) be the second derivative of b**4/12 